{"id":87,"date":"2025-02-08T06:23:04","date_gmt":"2025-02-08T06:23:04","guid":{"rendered":"https:\/\/basslover.de\/?page_id=87"},"modified":"2025-03-08T08:28:21","modified_gmt":"2025-03-08T07:28:21","slug":"ueber-uns","status":"publish","type":"page","link":"https:\/\/basslover.de\/index.php\/ueber-uns\/","title":{"rendered":"\u00fcber uns"},"content":{"rendered":"<div>\n<p><span style=\"font-family: 'andale mono', monospace; font-size: 14px;\"><span style=\"font-family: 'andale mono', monospace; font-size: 14px;\"><strong>Basslover<\/strong> ist eines der beliebtesten Web-Radios f\u00fcr elektronische Musik, sowie Plattform f\u00fcr alle erdenklichen Aktivit\u00e4ten im Technobereich. Das im Jahr 1999 als &#8222;<strong>Radio Technots<\/strong>&#8220; gegr\u00fcndete und mit dem Schweizer Eventguide <strong>Push-Up<\/strong> im Jahr 2007 fusionierte Gemeinschaftsprojekt, agiert seit 1.4.2007 unter dem Namen Radio Basslover (RBL).<\/span><\/span><\/p>\n<\/div>\n<div>\n<p><img loading=\"lazy\" decoding=\"async\" class=\"details-image alignleft\" draggable=\"false\" src=\"https:\/\/basslover.de\/wp-content\/uploads\/2025\/02\/26a6ee84b99ad467095c47531fc01fe1355d3d7a.avif\" alt=\"\" width=\"215\" height=\"55\" \/><span style=\"font-size: 12px; font-family: 'andale mono', monospace;\">Tausende von H\u00f6rern aus aller Welt greifen t\u00e4glich auf unser einzigartiges Radiokonzept zu, bei dem sich die unterschiedlichsten elektronischen Musikstile in einer harmonisch einheitlichen Symbiose verbunden haben und die in einer brillanten Wiedergabequalit\u00e4t empfangbar ist. <\/span><\/p>\n<p><span style=\"font-size: 12px; font-family: 'andale mono', monospace;\">Des Weiteren bietet RBL vielen K\u00fcnstlern und DJs rund um die Uhr eine M\u00f6glichkeit, ihr gesamtes K\u00f6nnen live on Air unter Beweis zu stellen und einer breiten Masse zug\u00e4nglich zu machen.<br \/>\n<\/span><span style=\"font-size: 12px; font-family: 'andale mono', monospace;\"><strong>Basslover<\/strong> ist seit Jahren ein Bindeglied zwischen Plattenlabels und K\u00fcnstlern geworden, die in der heutigen Zeit neue Wege gesucht haben, um ihre Produkte den Usern nahezubringen und mit Erfolg zu pr\u00e4sentieren! Dieses au\u00dfergew\u00f6hnliche Netzwerk aus Partnern und Basslover konnte schon einigen K\u00fcnstlern und Newcomern zu einem Bekanntheitsgrad verhelfen und wurde zum Startschuss f\u00fcr eine gro\u00dfe Karriere!<\/span><\/p>\n<p><img decoding=\"async\" class=\"alignleft\" src=\"https:\/\/web.archive.org\/web\/20220128003357im_\/https:\/\/basslover.de\/styles\/rbl-2010\/images\/rbl-2005-2010.jpg\" alt=\"\" border=\"0\" \/><\/p>\n<p><span style=\"font-size: 12px; font-family: 'andale mono', monospace;\">Au\u00dfergew\u00f6hnlich war auch unsere beliebte und weit \u00fcber 8.000 Mitglieder umfassende Radio-Community, auf die wir m\u00e4chtig stolz waren. Auf Grund einer massiven Serverattacke, die uns Ende November 2010 einen herben R\u00fcckschlag versetzte, mussten wir &#8222;zwangsweise&#8220; einen vollst\u00e4ndigen Neustart\/Reset der <a href=\"https:\/\/web.archive.org\/web\/20220128003357\/http:\/\/community.basslover.de\/\" target=\"_blank\" rel=\"noopener\">Community<\/a> durchf\u00fchren. Wir ersetzten das nunmehr in die Jahre gekommene, veraltete CMS System aus dem Jahr 2004 mit einer moderneren und funktionsumfangreicheren Software.<\/span><\/p>\n<p><span style=\"font-size: 12px; font-family: 'andale mono', monospace;\">Bedauerlicherweise bietet uns die neue Community-Software keine technische M\u00f6glichkeit, unsere einstigen 8.000 Mitglieder mit allen Datens\u00e4tzen vollst\u00e4ndig mit in das neue System wieder zu integrieren. Gleichzeitig entschlossen wir uns, zu Gunsten der besseren \u00fcbersichtlichkeit der Informationen, das Radio von der <a href=\"https:\/\/web.archive.org\/web\/20220128003357\/http:\/\/community.basslover.de\/\" target=\"_blank\" rel=\"noopener\">Community<\/a> zu trennen. Aus diesem Grund stehen derzeit noch nicht alle Informationen, Funktionen und Bereiche der Webseite, die unsere Besucher\/Zuh\u00f6rer bisher gewohnt waren, wieder zur vollen Verf\u00fcgung. Wir arbeiten jedoch mit Hochdruck daran.<br \/>\n<\/span><span style=\"font-size: 12px; font-family: 'andale mono', monospace;\">Die Mitgliedschaft in der neuen <a href=\"https:\/\/web.archive.org\/web\/20220128003357\/http:\/\/community.basslover.de\/\" target=\"_blank\" rel=\"noopener\">Community<\/a> bleibt selbstverst\u00e4ndlich wie gewohnt kostenlos. Sie bietet nun, neben einem eigenen Chatsystem, beispielsweise auch die direkte Integration von und zu Facebook an. Sie erm\u00f6glicht auch das Einloggen \u00fcber einen bereits vorhandenen Myspace, Facebook oder AOL Account. Eigene Blogs und noch viele weitere zeitgem\u00e4\u00dfe Features sind f\u00fcr unsere Mitglieder integriert worden. Selbstverst\u00e4ndlich werden wir das neue System im Laufe der Zeit noch ausbauen und um viele weitere n\u00fctzliche Funktionen erweitern.<\/span><\/p>\n<\/div>\n<p><span style=\"font-family: 'andale mono', monospace; font-size: 14px;\"><strong>Entwicklung, Zahlen &amp; Fakten<\/strong><\/span><br \/>\n<span style=\"font-size: 12px; font-family: 'andale mono', monospace;\">2000 &#8211; 2005: Radio Technots (Gr\u00fcnder S. Hutschenreuter, C. Hinze, E. K\u00f6nig, K. Jesgarz)<\/span><br \/>\n<span style=\"font-size: 12px; font-family: 'andale mono', monospace;\">2005 &#8211; 2007: Radio Technots funsioniert mit dem Projekt Push-Up.ch (Eventguide Schweiz, Gr\u00fcnder M. K\u00e4lliker)<\/span><br \/>\n<span style=\"font-size: 12px; font-family: 'andale mono', monospace;\">Gr\u00fcndungstag: 1.4.2007, offizieller Start unter dem neuen Namen &#8222;Radio Basslover&#8220; (RBL)<\/span><br \/>\n<span style=\"font-size: 12px; font-family: 'andale mono', monospace;\">2007 &#8211; 2013: Veranstaltungen: Infection.NL, Ruhr in Love 2010-2013 (Floor), Nature One 2012 (Bunker Partner)<br \/>\n<span style=\"font-family: 'andale mono', monospace; font-size: 12px;\">Unique Visits: +8.637.887<br \/>\n<\/span><\/span><span style=\"font-size: 12px; font-family: 'andale mono', monospace;\">Site-Impressions: +43.239.677<\/span><br \/>\n<span style=\"font-size: 12px; font-family: 'andale mono', monospace;\">Community-Member bis 11\/2010: +8300<\/span><br \/>\n<span style=\"font-size: 12px; font-family: 'andale mono', monospace;\">Social Networks Likes, Fans &amp; Friends: 46.000 (Stand bis 06\/2014)<\/span><\/p>\n<p><span style=\"font-family: 'andale mono', monospace; font-size: 14px;\"><strong>Musikkonzept<br \/>\n<\/strong><\/span><span style=\"font-size: 12px; font-family: 'andale mono', monospace;\">365\/7\/24 unterst\u00fctzt und promotet RBL, mittels eigener Moderatoren und DJs. Produktionen der elektronischen Musik in den Bereichen Trance (Hard-, Tech-, Psy-, Progressive &amp; Uplifting) Hardstyle, Hardcore, House (Tech-, Hard-, Progressive, Electrohouse), Dance, HandsUp, Goa, Electronica, Minimal Techno, Techno, Schranz sowie Drum &amp; Bass.<\/span><\/p>\n<p><span style=\"font-family: 'andale mono', monospace; font-size: 14px;\"><strong>Radio Basslover Musik A&amp;R;, Redaktion und Label Kontakte<br \/>\n<\/strong><\/span><span style=\"font-size: 12px; font-family: 'andale mono', monospace;\">F\u00fcr Fragen zur kooperativen Partnerschaft mit uns stehen ihnen unsere Ansprechpartner gerne schriftlich zur Verf\u00fcgung. <\/span><br \/>\n<span style=\"font-family: 'andale mono', monospace; font-size: 12px;\">Unsere Email-Adresse k\u00f6nnen Sie auch gerne in ihr Labelworx, Pool- bzw. Bemusterungsverteiler-System mit aufnehmen.<\/span><\/p>\n<p><span style=\"font-family: 'andale mono', monospace; font-size: 14px;\"><strong>MEC Event-Marketing<\/strong><\/span><br \/>\n<span style=\"font-size: 12px; font-family: 'andale mono', monospace;\">Ihre Ansprechpartner Sven Hinze (geb. Hutschenreuter) und Benjamin Hauke.<br \/>\nWeitere Informationen zu unseren Booking DJs, eigenen oder auch Partner-Events finden sie unter <a href=\"https:\/\/web.archive.org\/web\/20220128003357\/http:\/\/www.mecevents.de\/\" target=\"_blank\" rel=\"noopener\">www.mecevents.de<\/a>.<\/span><\/p>\n<p><span style=\"font-family: 'andale mono', monospace; font-size: 14px;\"><strong>Technische Administration \/ Streamtechnik<\/strong><\/span><br \/>\n<span style=\"font-size: 14px; font-family: 'andale mono', monospace;\">Ihr Ansprechpartner Peter Scheller &amp; Sven Hinze (Gismo)<\/span><\/p>\n<p><span style=\"font-family: 'andale mono', monospace; font-size: 14px;\"><strong>Radio Marketing<\/strong><\/span><br \/>\n<img decoding=\"async\" src=\"https:\/\/web.archive.org\/web\/20220128003357im_\/https:\/\/basslover.de\/styles\/rbl-2010\/images\/e001.gif\" alt=\"\" \/><\/p>\n<p><img loading=\"lazy\" decoding=\"async\" class=\"alignnone wp-image-279\" src=\"https:\/\/basslover.de\/wp-content\/uploads\/2025\/02\/Basslover-erste-Stunde-als-Technots-150x150.png\" alt=\"\" width=\"238\" height=\"238\" srcset=\"https:\/\/basslover.de\/wp-content\/uploads\/2025\/02\/Basslover-erste-Stunde-als-Technots-150x150.png 150w, https:\/\/basslover.de\/wp-content\/uploads\/2025\/02\/Basslover-erste-Stunde-als-Technots-380x380.png 380w, https:\/\/basslover.de\/wp-content\/uploads\/2025\/02\/Basslover-erste-Stunde-als-Technots-180x180.png 180w, https:\/\/basslover.de\/wp-content\/uploads\/2025\/02\/Basslover-erste-Stunde-als-Technots-170x170.png 170w, https:\/\/basslover.de\/wp-content\/uploads\/2025\/02\/Basslover-erste-Stunde-als-Technots-60x60.png 60w, https:\/\/basslover.de\/wp-content\/uploads\/2025\/02\/Basslover-erste-Stunde-als-Technots-420x420.png 420w, https:\/\/basslover.de\/wp-content\/uploads\/2025\/02\/Basslover-erste-Stunde-als-Technots-560x560.png 560w\" sizes=\"auto, (max-width: 238px) 100vw, 238px\" \/><img loading=\"lazy\" decoding=\"async\" class=\"alignnone wp-image-280 size-full\" src=\"https:\/\/basslover.de\/wp-content\/uploads\/2025\/02\/Screenshot-2025-02-12-182317.png\" alt=\"\" width=\"379\" height=\"237\" \/><img loading=\"lazy\" decoding=\"async\" class=\"alignnone wp-image-282 size-full\" src=\"https:\/\/basslover.de\/wp-content\/uploads\/2025\/02\/Screenshot-2025-02-12-182943.png\" alt=\"\" width=\"383\" height=\"239\" \/><\/p>\n","protected":false},"excerpt":{"rendered":"<p>Basslover ist eines der beliebtesten Web-Radios f\u00fcr elektronische Musik, sowie Plattform f\u00fcr alle erdenklichen Aktivit\u00e4ten im Technobereich. Das im Jahr 1999 als &#8222;Radio Technots&#8220; gegr\u00fcndete und mit dem Schweizer Eventguide Push-Up im Jahr 2007 fusionierte Gemeinschaftsprojekt, agiert seit 1.4.2007 unter dem Namen Radio Basslover (RBL). Tausende von H\u00f6rern aus aller [&hellip;]<\/p>\n","protected":false},"author":1,"featured_media":0,"parent":0,"menu_order":0,"comment_status":"closed","ping_status":"closed","template":"","meta":{"_crdt_document":"","_monsterinsights_skip_tracking":false,"_monsterinsights_sitenote_active":false,"_monsterinsights_sitenote_note":"","_monsterinsights_sitenote_category":0,"footnotes":""},"class_list":["post-87","page","type-page","status-publish","hentry"],"aioseo_notices":[],"_links":{"self":[{"href":"https:\/\/basslover.de\/index.php\/wp-json\/wp\/v2\/pages\/87","targetHints":{"allow":["GET"]}}],"collection":[{"href":"https:\/\/basslover.de\/index.php\/wp-json\/wp\/v2\/pages"}],"about":[{"href":"https:\/\/basslover.de\/index.php\/wp-json\/wp\/v2\/types\/page"}],"author":[{"embeddable":true,"href":"https:\/\/basslover.de\/index.php\/wp-json\/wp\/v2\/users\/1"}],"replies":[{"embeddable":true,"href":"https:\/\/basslover.de\/index.php\/wp-json\/wp\/v2\/comments?post=87"}],"version-history":[{"count":21,"href":"https:\/\/basslover.de\/index.php\/wp-json\/wp\/v2\/pages\/87\/revisions"}],"predecessor-version":[{"id":641,"href":"https:\/\/basslover.de\/index.php\/wp-json\/wp\/v2\/pages\/87\/revisions\/641"}],"wp:attachment":[{"href":"https:\/\/basslover.de\/index.php\/wp-json\/wp\/v2\/media?parent=87"}],"curies":[{"name":"wp","href":"https:\/\/api.w.org\/{rel}","templated":true}]}}