{"id":85,"date":"2025-02-08T06:22:42","date_gmt":"2025-02-08T06:22:42","guid":{"rendered":"https:\/\/basslover.de\/?page_id=85"},"modified":"2025-05-25T08:53:44","modified_gmt":"2025-05-25T06:53:44","slug":"kontakt","status":"publish","type":"page","link":"https:\/\/basslover.de\/index.php\/kontakt\/","title":{"rendered":"Kontakt"},"content":{"rendered":"<p><span style=\"font-size: 14px; font-family: 'andale mono', monospace;\">Bitte benutzen Sie zur Erst- oder direkten Kontaktaufnahme mit diesem Kontaktformular, der zust\u00e4ndigen Mitarbeiter meldet sich bei Ihnen.<\/span><\/p>\n\n<div class=\"wpcf7 no-js\" id=\"wpcf7-f1175-o1\" lang=\"de-DE\" dir=\"ltr\" data-wpcf7-id=\"1175\">\n<div class=\"screen-reader-response\"><p role=\"status\" aria-live=\"polite\" aria-atomic=\"true\"><\/p> <ul><\/ul><\/div>\n<form action=\"\/index.php\/wp-json\/wp\/v2\/pages\/85#wpcf7-f1175-o1\" method=\"post\" class=\"wpcf7-form init\" aria-label=\"Kontaktformular\" enctype=\"multipart\/form-data\" novalidate=\"novalidate\" data-status=\"init\">\n<fieldset class=\"hidden-fields-container\"><input type=\"hidden\" name=\"_wpcf7\" value=\"1175\" \/><input type=\"hidden\" name=\"_wpcf7_version\" value=\"6.1.5\" \/><input type=\"hidden\" name=\"_wpcf7_locale\" value=\"de_DE\" \/><input type=\"hidden\" name=\"_wpcf7_unit_tag\" value=\"wpcf7-f1175-o1\" \/><input type=\"hidden\" name=\"_wpcf7_container_post\" value=\"0\" \/><input type=\"hidden\" name=\"_wpcf7_posted_data_hash\" value=\"\" \/><input type=\"hidden\" name=\"_wpcf7_recaptcha_response\" value=\"\" \/>\n<\/fieldset>\n<p><label> Vor & Nachname<br \/>\n<input size=\"40\" maxlength=\"400\" class=\"wpcf7-form-control wpcf7-text wpcf7-validates-as-required\" autocomplete=\"name\" aria-required=\"true\" aria-invalid=\"false\" value=\"\" type=\"text\" name=\"your-name\" \/> <\/label>\n<\/p>\n<p><label> E-Mail-Adresse<br \/>\n<input size=\"40\" maxlength=\"400\" class=\"wpcf7-form-control wpcf7-email wpcf7-validates-as-required wpcf7-text wpcf7-validates-as-email\" autocomplete=\"email\" aria-required=\"true\" aria-invalid=\"false\" value=\"hier bitte Ihre Mail\" type=\"email\" name=\"your-email\" \/> <\/label>\n<\/p>\n<p><select class=\"wpcf7-form-control wpcf7-select wpcf7-validates-as-required\" aria-required=\"true\" aria-invalid=\"false\" name=\"Anliegen\"><option value=\"Allgemeine Anfrage\">Allgemeine Anfrage<\/option><option value=\"Support Anfrage\">Support Anfrage<\/option><option value=\"Promotion Anfrage\">Promotion Anfrage<\/option><option value=\"App Anfrage\">App Anfrage<\/option><option value=\"Technische Anfrage\">Technische Anfrage<\/option><\/select>\n<\/p>\n<p><label> Betreff<br \/>\n<input size=\"40\" maxlength=\"400\" class=\"wpcf7-form-control wpcf7-text wpcf7-validates-as-required\" aria-required=\"true\" aria-invalid=\"false\" value=\"\" type=\"text\" name=\"your-subject\" \/> <\/label>\n<\/p>\n<p><label> Nachricht (optional)<br \/>\n<textarea cols=\"40\" rows=\"10\" maxlength=\"2000\" class=\"wpcf7-form-control wpcf7-textarea\" aria-invalid=\"false\" name=\"your-message\">ihre Nachricht<\/textarea> <\/label>\n<\/p>\n<p><input size=\"40\" maxlength=\"400\" class=\"wpcf7-form-control wpcf7-tel wpcf7-text wpcf7-validates-as-tel\" aria-invalid=\"false\" value=\"\" type=\"tel\" name=\"Telefonnummer\" \/><br \/>\n<input size=\"40\" maxlength=\"400\" class=\"wpcf7-form-control wpcf7-url wpcf7-text wpcf7-validates-as-url\" aria-invalid=\"false\" value=\"\" type=\"url\" name=\"url-596\" \/><br \/>\n<input size=\"40\" class=\"wpcf7-form-control wpcf7-file\" accept=\"audio\/*,image\/*\" aria-invalid=\"false\" type=\"file\" name=\"Anhang\" \/> (erlaubte Anhang: PDF\/Bild\/Audio)<br \/>\n<span class=\"wpcf7-form-control wpcf7-acceptance optional\"><span class=\"wpcf7-list-item\"><label><input type=\"checkbox\" name=\"Datenspeicherung\" value=\"1\" aria-invalid=\"false\" \/><span class=\"wpcf7-list-item-label\">Ich habe die Datenschutzerkl\u00e4rung zur Kenntnis genommen. Ich stimme zu, dass meine Angaben und Daten zur Beantwortung meiner Anfrage elektronisch erhoben und gespeichert werden.<\/span><\/label><\/span><\/span><br \/>\n<input class=\"wpcf7-form-control wpcf7-submit has-spinner\" type=\"submit\" value=\"Senden\" \/><br \/>\n<div id=\"cf7sr-69d0d705a8a35\" class=\"cf7sr-g-recaptcha\" data-theme=\"light\" data-type=\"image\" data-size=\"normal\" data-sitekey=\"6LfKQswqAAAAAEk6Jw_hLDK9_Hu7uYOgIHkR0YgG\"><\/div><input type=\"hidden\" name=\"cf7sr-recaptcha\" value=\"\" class=\"wpcf7-form-control\">\n<\/p><div class=\"wpcf7-response-output\" aria-hidden=\"true\"><\/div>\n<\/form>\n<\/div>\n\n<p><span style=\"font-size: 10px; font-family: 'andale mono', monospace;\">Bitte beachten Sie, dass die eingehenden E-Mails f\u00fcr den Marketing und Support Bereich von mehreren Mitarbeitern bearbeitet werden. Daher bitten wir darum, bei l\u00e4ngeren Schriftwechseln, den gesamten Inhalt der Emails beim Antworten im Anhang zu belassen. <strong>Vielen Dank<\/strong>!<\/span><\/p>\n","protected":false},"excerpt":{"rendered":"<p>Bitte benutzen Sie zur Erst- oder direkten Kontaktaufnahme mit diesem Kontaktformular, der zust\u00e4ndigen Mitarbeiter meldet sich bei Ihnen. Bitte beachten Sie, dass die eingehenden E-Mails f\u00fcr den Marketing und Support Bereich von mehreren Mitarbeitern bearbeitet werden. Daher bitten wir darum, bei l\u00e4ngeren Schriftwechseln, den gesamten Inhalt der Emails beim Antworten [&hellip;]<\/p>\n","protected":false},"author":1,"featured_media":0,"parent":0,"menu_order":0,"comment_status":"closed","ping_status":"closed","template":"","meta":{"_crdt_document":"","_monsterinsights_skip_tracking":false,"_monsterinsights_sitenote_active":false,"_monsterinsights_sitenote_note":"","_monsterinsights_sitenote_category":0,"footnotes":""},"class_list":["post-85","page","type-page","status-publish","hentry"],"aioseo_notices":[],"_links":{"self":[{"href":"https:\/\/basslover.de\/index.php\/wp-json\/wp\/v2\/pages\/85","targetHints":{"allow":["GET"]}}],"collection":[{"href":"https:\/\/basslover.de\/index.php\/wp-json\/wp\/v2\/pages"}],"about":[{"href":"https:\/\/basslover.de\/index.php\/wp-json\/wp\/v2\/types\/page"}],"author":[{"embeddable":true,"href":"https:\/\/basslover.de\/index.php\/wp-json\/wp\/v2\/users\/1"}],"replies":[{"embeddable":true,"href":"https:\/\/basslover.de\/index.php\/wp-json\/wp\/v2\/comments?post=85"}],"version-history":[{"count":10,"href":"https:\/\/basslover.de\/index.php\/wp-json\/wp\/v2\/pages\/85\/revisions"}],"predecessor-version":[{"id":1178,"href":"https:\/\/basslover.de\/index.php\/wp-json\/wp\/v2\/pages\/85\/revisions\/1178"}],"wp:attachment":[{"href":"https:\/\/basslover.de\/index.php\/wp-json\/wp\/v2\/media?parent=85"}],"curies":[{"name":"wp","href":"https:\/\/api.w.org\/{rel}","templated":true}]}}