{"id":1119,"date":"2025-05-03T01:24:17","date_gmt":"2025-05-02T23:24:17","guid":{"rendered":"https:\/\/basslover.de\/?page_id=1119"},"modified":"2025-05-03T01:24:17","modified_gmt":"2025-05-02T23:24:17","slug":"radio-interview-mit-marek-k-von-excess-events","status":"publish","type":"page","link":"https:\/\/basslover.de\/index.php\/interviews\/radio-interview-mit-marek-k-von-excess-events\/","title":{"rendered":"Radio Interview mit Marek K von Excess Events"},"content":{"rendered":"<h4><strong>Radio Interview mit Marek K von Excess Events<\/strong><\/h4>\n<p><span style=\"font-size: 12px;\">Marek K., Gr\u00fcnder von Excess Events stand anl\u00e4sslich der bevorstehen Veranstaltung &#8222;Mission to Trance 2007&#8220; unserem Radiomoderator &#8222;Pille&#8220; f\u00fcr ein interessantes und aufschlu\u00dfreiches Telefon-Interview zur Verf\u00fcgung.<\/span><\/p>\n<p><span style=\"font-size: 12px;\">Der Veranstalter erz\u00e4hlte ihm interessantes Details \u00fcber die Location des im polnischen Gdansk\u00a0 (Danzig) stattfindenden Events bei dem unter anderem Djs wie Jochen Miller, Dj Quicksilver, Tiddy am 18. August 2007 die Plattenteller rotieren lie\u00dfen. Als Highlight durfte Radio Basslover als erster die offizielle Hymne der &#8222;Mission to Trance&#8220; vorstellen. \u00a0<\/span><\/p>\n<p><span style=\"font-size: 12px;\">Das Interview vom 16.6.2007 an dieser\u00a0 Stelle noch einmal als Aufzeichnung:<\/span><\/p>\n","protected":false},"excerpt":{"rendered":"<p>Radio Interview mit Marek K von Excess Events Marek K., Gr\u00fcnder von Excess Events stand anl\u00e4sslich der bevorstehen Veranstaltung &#8222;Mission to Trance 2007&#8220; unserem Radiomoderator &#8222;Pille&#8220; f\u00fcr ein interessantes und aufschlu\u00dfreiches Telefon-Interview zur Verf\u00fcgung. Der Veranstalter erz\u00e4hlte ihm interessantes Details \u00fcber die Location des im polnischen Gdansk\u00a0 (Danzig) stattfindenden Events [&hellip;]<\/p>\n","protected":false},"author":1,"featured_media":0,"parent":82,"menu_order":0,"comment_status":"closed","ping_status":"closed","template":"","meta":{"_crdt_document":"","_monsterinsights_skip_tracking":false,"_monsterinsights_sitenote_active":false,"_monsterinsights_sitenote_note":"","_monsterinsights_sitenote_category":0,"footnotes":""},"class_list":["post-1119","page","type-page","status-publish","hentry"],"aioseo_notices":[],"_links":{"self":[{"href":"https:\/\/basslover.de\/index.php\/wp-json\/wp\/v2\/pages\/1119","targetHints":{"allow":["GET"]}}],"collection":[{"href":"https:\/\/basslover.de\/index.php\/wp-json\/wp\/v2\/pages"}],"about":[{"href":"https:\/\/basslover.de\/index.php\/wp-json\/wp\/v2\/types\/page"}],"author":[{"embeddable":true,"href":"https:\/\/basslover.de\/index.php\/wp-json\/wp\/v2\/users\/1"}],"replies":[{"embeddable":true,"href":"https:\/\/basslover.de\/index.php\/wp-json\/wp\/v2\/comments?post=1119"}],"version-history":[{"count":1,"href":"https:\/\/basslover.de\/index.php\/wp-json\/wp\/v2\/pages\/1119\/revisions"}],"predecessor-version":[{"id":1120,"href":"https:\/\/basslover.de\/index.php\/wp-json\/wp\/v2\/pages\/1119\/revisions\/1120"}],"up":[{"embeddable":true,"href":"https:\/\/basslover.de\/index.php\/wp-json\/wp\/v2\/pages\/82"}],"wp:attachment":[{"href":"https:\/\/basslover.de\/index.php\/wp-json\/wp\/v2\/media?parent=1119"}],"curies":[{"name":"wp","href":"https:\/\/api.w.org\/{rel}","templated":true}]}}